25. Calculate the highest common divisor of x and a.
13
Let c = -293 + 315. What is the greatest common divisor of 198 and c?
22
Let i = -93 - -86. Let z be 912/42 - (1 - (-9)/i). Let v be 1*-4 + 2 + 68. What is the highest common divisor of v and z?
22
Suppose 4*k = -5 + 33. Suppose j - 2*p + k = 0, -3*j - 2*p - 3*p = -23. Let a(f) = 2*f + 1. Let m be a(1). What is the greatest common factor of j and m?
1
Let s = -264 - -311. What is the highest common divisor of s and 188?
47
Let o = 116 - 88. Let x = -51 + 87. Suppose -r - p + 68 = 4*r, 4*p + x = 2*r. Calculate the greatest common divisor of o and r.
14
Let t = 1487 + -1481. Calculate the greatest common divisor of 54 and t.
6
Let q(a) be the first derivative of -19*a**2/2 - 5*a - 36. Let v be q(-2). What is the greatest common factor of v and 77?
11
Let j be 5/(5/8)*(8 + -6). What is the highest common factor of 304 and j?
16
Let f = 245 + -237. Calculate the highest common divisor of 24 and f.
8
Let q(k) = k - 17. Let z be q(18). Let f be (-5 - -5) + (z - -3). Calculate the greatest common divisor of f and 4.
4
Suppose -3*s - 123 + 312 = 0. Suppose -4 = -4*b, -5*i + 30 = b + 4*b. Suppose -i*r + 28 = -r. Calculate the greatest common divisor of s and r.
7
Suppose 246 = 3*n + 78. Suppose -8*r + r = -n. What is the highest common divisor of r and 8?
8
Let c(b) be the first derivative of -2*b**2 - 5*b + 1. Let g be c(-2). Let x be g/((-3)/(-43)) - -3. What is the highest common divisor of 115 and x?
23
Let w(i) = 9*i - 4. Let a be w(3). Suppose -19*g = -a*g. Suppose 2*s - 4 + 0 = g. What is the highest common factor of 5 and s?
1
Let t(d) = 4*d - 43. Let i be t(28). Let u = 72 - i. Let l be 54/(-8)*-1*4. What is the greatest common divisor of u and l?
3
Let o be ((-847)/14)/(2/(-8)). What is the highest common divisor of 44 and o?
22
Let j = 704 - 540. Calculate the highest common divisor of j and 4.
4
Let q(n) = -57*n + 23. Let u be q(-5). What is the highest common divisor of u and 44?
44
Suppose 12 = 3*f + 2*r, -3*f - 3 = -f + 5*r. Suppose -16 = 4*c - 0. Let v be 0/2 + c/(-2). Calculate the greatest common divisor of f and v.
2
Let p = -15 - -19. Suppose 4*r - 3*n = 59 - 24, 5*r + p*n = 5. Suppose 0*g + r*k = 2*g - 10, 2*k - 54 = -5*g. Calculate the greatest common divisor of 80 and g.
10
Suppose 21 + 63 = 3*q. Let t be -14*((-480)/q)/5. What is the highest common factor of 12 and t?
12
Let n(z) = z**2 - 7*z - 3. Let o be n(9). Let y be (10/o)/(-1)*-15. What is the highest common divisor of y and 1?
1
Let d = 533 - 512. Calculate the greatest common factor of 42 and d.
21
Let z be 15336/132 - (3 + 31/(-11)). Calculate the highest common divisor of 87 and z.
29
Suppose -m = -3*z - 24 - 8, 5*m + 5*z - 100 = 0. What is the greatest common divisor of m and 1127?
23
Suppose 9*b + 0*b - 5229 = 0. Suppose 0 = 17*t + 105 - b. Calculate the highest common factor of 21 and t.
7
Let n = 11 - 0. Suppose -5*f + 14 = -4*t, 2 - 9 = -2*f + 3*t. Suppose -f*p + 5 = 3*p, 5*w - 56 = -p. What is the highest common factor of n and w?
11
Let g be (-10983)/(-84) + 3/(-4). Calculate the greatest common factor of g and 40.
10
Let x(c) = 3 + c - 3. Let z = 146 - 137. Let f be x(z). Calculate the greatest common factor of 45 and f.
9
Suppose -z + 2*v = -92, -100 = -2*z - v + 94. Let m(x) = -45*x - 58. Let s be m(-2). Calculate the greatest common divisor of s and z.
32
Let j = -626 - -630. Calculate the greatest common factor of j and 6.
2
Suppose 4*t - 1143 = -447. Suppose -4*y = -l + 144 - 1316, 0 = 5*l - 20. Let j = y - t. What is the greatest common factor of 48 and j?
24
Suppose -204 = -13*y + 82. What is the greatest common divisor of y and 99?
11
Let y(z) = -z**3 - 8*z**2 + 9*z + 2. Let u = 6 + -15. Let t be y(u). Calculate the highest common factor of 10 and t.
2
Let z = -806 + 811. What is the greatest common divisor of 160 and z?
5
Let f = 276 + -171. What is the greatest common divisor of 120 and f?
15
Suppose -j = 4*i + 6, -i - 1 - 1 = 0. Suppose 3*w = j*w + 60. Let v be (-15)/((-4)/((-24)/(-9))). What is the greatest common divisor of v and w?
10
Let h(z) = -2*z**2 - 3*z - 12. Let v be h(-3). Let l(m) = m**3 + 22*m**2 + 13*m - 32. Let i be l(v). Calculate the greatest common divisor of i and 34.
34
Suppose o - 4*j - 100 = 0, 483 = 5*o + 2*j - 61. Let w be (-2 + -1)*(-7)/14*108. Calculate the greatest common divisor of o and w.
54
Let b(r) = 3*r + 21. Let f be b(-7). Suppose 5*j = j + 8. Suppose j*p + f + 3 = -5*y, -5*p = y - 4. What is the highest common factor of p and 5?
1
Suppose -2*g = 2*g - p - 127, 0 = -2*p - 6. Let s(n) = 28*n**2 - 2*n**3 - n**3 - g*n**2 - 2*n. Let v be s(-2). What is the highest common factor of v and 112?
16
Let f(p) = -p**2 + 14*p - 35. Let o be f(7). Let a = -63 - -94. Let d = a + o. Calculate the highest common divisor of d and 30.
15
Let l(g) = g**2 - 26*g + 57. Let q be l(24). Calculate the greatest common factor of q and 396.
9
Let o(j) = 67*j**2 - 1. Let h be o(-1). Let k = -45 + h. Let n = 29 + -15. Calculate the greatest common factor of k and n.
7
Let q(m) = 3*m - 3*m - 11 + 0*m - m. Let p be q(7). Let z be (1 - p)/((-1)/(-7)). Calculate the greatest common divisor of 19 and z.
19
Suppose 63 = -6*u + 303. Let r be (u/8 + -10)*22/(-2). What is the greatest common factor of 55 and r?
55
Let l(b) = -10 + 1 - 87*b + 72*b - 1. Let p be l(-3). What is the greatest common factor of p and 105?
35
Suppose 2*u + 3 = 15. Suppose -3*v = -u*v + 75. Let w be 10/(44/(-30) + (-65)/(-39)). Calculate the highest common factor of w and v.
25
Let y = -8 - -7. Let h(w) = -w. Let g(s) = 7*s. Let z(i) = y*g(i) + 6*h(i). Let f be z(-1). What is the highest common divisor of f and 91?
13
Suppose -5*c = -271 - 334. What is the highest common factor of 11 and c?
11
Suppose 1041*u = 1038*u + 135. Calculate the highest common divisor of u and 405.
45
Suppose 0 = -3*u + 5*q - 16 - 6, -3*q = -u - 10. Let p be (1 - u/16)/(2/128). What is the greatest common factor of p and 5?
5
Suppose 3*i - 3*t = 15, 3*i + 5*t + 17 - 64 = 0. Let s = 136 + -93. Suppose -g = i - s. What is the greatest common divisor of 17 and g?
17
Let i(f) = 4*f**2 - 2 - 3*f**2 + 2*f**2 - 8*f**2 + 6*f. Let j be i(2). Let r be (-116)/j + 8/20. What is the greatest common divisor of r and 6?
6
Suppose -h + 0*h + 136 = 0. Let t = -50 - -48. Let l(m) = 4*m**2 + m + 3. Let c be l(t). What is the highest common divisor of h and c?
17
Suppose -3*j + 7*j + 16 = 0. Let o be 17 + (-2 - j)/(-2 + 1). What is the greatest common divisor of o and 15?
15
Suppose -2*d = t + 3*d + 8, t - 4*d - 1 = 0. Let x(z) = 8*z**2 + z + 3. Let p be x(t). Calculate the greatest common divisor of 9 and p.
9
Let g be 17*4 + 3 + -5 + 4. What is the greatest common divisor of 110 and g?
10
Let u(f) = -6*f**2 + 27*f - 22. Let y(k) = k**2 - k - 1. Let h(z) = u(z) + 5*y(z). Let v be h(18). Calculate the greatest common divisor of v and 30.
15
Let i be (-320)/(-12) + 0 - (-12)/(-18). Let q = -34 + 99. What is the highest common divisor of q and i?
13
Let l be (-6010)/(-4) + (-60)/(-40). What is the greatest common divisor of 47 and l?
47
Suppose -6*l + 321 + 51 = 0. Suppose -2*o - 477 = -3*o. Suppose -n + 3*m + o = 2*n, 0 = n + m - 151. Calculate the highest common factor of n and l.
31
Let i be (4/(-12))/(3/(-171)*1). Suppose -210 = 5*q - 970. What is the greatest common divisor of q and i?
19
Let n be ((-28)/(-10))/((-4)/(-80)). Let s = -2020 - -2027. What is the highest common divisor of n and s?
7
Let b(p) = -2*p**3 - 3*p**2 + 35*p + 21. Let g be b(-6). Calculate the highest common factor of g and 30.
15
Suppose 2*o + 2 = 6. Suppose 5*f - f = 2*v - 176, 4*v = -o*f + 372. Calculate the highest common factor of 138 and v.
46
Let g be (-1)/3 + (-21607)/(-93). Calculate the greatest common factor of 58 and g.
58
Suppose -4*z = -108 + 28. Let g = -137 - -282. Let q = g + -135. Calculate the greatest common factor of z and q.
10
Let s be (-2 + 1)/1 + 75. Let y = 406 + -221. What is the highest common factor of s and y?
37
Let r be 321/428*(-496)/(-3). Calculate the highest common divisor of r and 8.
4
Let i = 426 + -422. Calculate the greatest common factor of 148 and i.
4
Let a be (35/(-21))/((-2)/54). Let z be 2/(-5) - 6/(-15). Let r(m) = -m**3 + m**2 + m + 30. Let 